of 43582715?
5
What is the ten millions digit of 231282534?
3
What is the hundreds digit of 17220739?
7
What is the hundred thousands digit of 76715462?
7
What is the ten millions digit of 402867668?
0
What is the hundred thousands digit of 2683358548?
3
What is the units digit of 594629861?
1
What is the tens digit of 106750970?
7
What is the thousands digit of 23253305?
3
What is the thousands digit of 245347578?
7
What is the thousands digit of 59972305?
2
What is the hundred millions digit of 8260153575?
2
What is the tens digit of 3100877?
7
What is the tens digit of 99083493?
9
What is the ten millions digit of 25370806?
2
What is the thousands digit of 73287984?
7
What is the ten millions digit of 370703801?
7
What is the tens digit of 115689419?
1
What is the ten thousands digit of 1738258280?
5
What is the millions digit of 315193827?
5
What is the tens digit of 316241491?
9
What is the thousands digit of 1021916021?
6
What is the units digit of 355835461?
1
What is the thousands digit of 6502425640?
5
What is the hundred thousands digit of 108645975?
6
What is the hundreds digit of 8820206090?
0
What is the hundred thousands digit of 1107876969?
8
What is the ten thousands digit of 2927320590?
2
What is the ten thousands digit of 39006387?
0
What is the thousands digit of 3867040218?
0
What is the ten thousands digit of 321372966?
7
What is the millions digit of 6497745?
6
What is the hundred thousands digit of 10282657?
2
What is the units digit of 249983517?
7
What is the hundred thousands digit of 25546952?
5
What is the hundred thousands digit of 55177940?
1
What is the units digit of 210140037?
7
What is the tens digit of 4706306622?
2
What is the units digit of 80093645?
5
What is the tens digit of 311851514?
1
What is the thousands digit of 14648151?
8
What is the ten thousands digit of 222307533?
0
What is the ten millions digit of 165688633?
6
What is the hundred millions digit of 1504196508?
5
What is the ten millions digit of 204597055?
0
What is the units digit of 87626077?
7
What is the ten thousands digit of 3827885795?
8
What is the hundred thousands digit of 747865436?
8
What is the tens digit of 2480626276?
7
What is the ten thousands digit of 36344983?
4
What is the thousands digit of 661436720?
6
What is the ten thousands digit of 32625623?
2
What is the tens digit of 28728307?
0
What is the thousands digit of 1390625426?
5
What is the ten thousands digit of 2249569?
4
What is the billions digit of 1069355507?
1
What is the thousands digit of 2734955221?
5
What is the ten millions digit of 4637000184?
3
What is the hundred millions digit of 292630377?
2
What is the tens digit of 473979754?
5
What is the billions digit of 6708109490?
6
What is the hundreds digit of 409784430?
4
What is the hundreds digit of 313368418?
4
What is the hundreds digit of 2618607481?
4
What is the ten thousands digit of 57237064?
3
What is the thousands digit of 1120448489?
8
What is the units digit of 126357292?
2
What is the hundred thousands digit of 10692200?
6
What is the ten millions digit of 133297543?
3
What is the thousands digit of 658074356?
4
What is the units digit of 568865559?
9
What is the ten thousands digit of 86230479?
3
What is the tens digit of 452524963?
6
What is the ten thousands digit of 724851586?
5
What is the hundreds digit of 458730043?
0
What is the ten millions digit of 40119673?
4
What is the ten millions digit of 13515280?
1
What is the ten millions digit of 46766548?
4
What is the hundred thousands digit of 769077585?
0
What is the hundred thousands digit of 2438043426?
0
What is the millions digit of 1389321749?
9
What is the ten thousands digit of 26138709?
3
What is the ten millions digit of 506778386?
0
What is the ten thousands digit of 65468606?
6
What is the hundred millions digit of 1283639811?
2
What is the billions digit of 2814793562?
2
What is the thousands digit of 18206752?
6
What is the hundreds digit of 1934025121?
1
What is the thousands digit of 1192183437?
3
What is the tens digit of 851920013?
1
What is the hundred thousands digit of 132686060?
6
What is the billions digit of 3104178395?
3
What is the ten millions digit of 263268614?
6
What is the millions digit of 15701900?
5
What is the hundreds digit of 943773635?
6
What is the ten thousands digit of 3543917?
4
What is the hundreds digit of 2748955934?
9
What is the millions digit of 340855072?
0
What is the ten millions digit of 2719352252?
1
What is the millions digit of 428698989?
8
What is the ten millions digit of 655322233?
5
What is the millions digit of 516459656?
6
What is the hundred millions digit of 1345320961?
3
What is the tens digit of 428715671?
7
What is the millions digit of 1130987163?
0
What is the hundred thousands digit of 2233680871?
6
What is the billions digit of 4061677889?
4
What is the tens digit of 605876487?
8
What is the millions digit of 18759245?
8
What is the thousands digit of 10970241?
0
What is the tens digit of 125064685?
8
What is the thousands digit of 81168936?
8
What is the ten millions digit of 175251596?
7
What is the thousands digit of 539945229?
5
What is the tens digit of 251777394?
9
What is the hundreds digit of 168600012?
0
What is the millions digit of 99398546?
9
What is the hundred thousands digit of 1652483599?
4
What is the hundred thousands digit of 529026870?
0
What is the units digit of 846932707?
7
What is the hundred millions digit of 657068120?
6
What is the ten thousands digit of 128559872?
5
What is the tens digit of 11943479?
7
What is the hundreds digit of 86035284?
2
What is the ten thousands digit of 71013246?
1
What is the tens digit of 61001793?
9
What is the hundred thousands digit of 256532439?
5
What is the units digit of 43787742?
2
What is the hundred millions digit of 210624148?
2
What is the ten millions digit of 15930857?
1
What is the hundred thousands digit of 128267214?
2
What is the millions digit of 494370771?
4
What is the millions digit of 1060381457?
0
What is the ten millions digit of 76051172?
7
What is the ten thousands digit of 427502889?
0
What is the hundred thousands digit of 1681387796?
3
What is the tens digit of 1090688296?
9
What is the thousands digit of 185084507?
4
What is the hundreds digit of 382166553?
5
What is the hundreds digit of 133535667?
6
What is the millions digit of 99955014?
9
What is the millions digit of 1002845?
1
What is the ten millions digit of 133831271?
3
What is the hundred thousands digit of 506514851?
5
What is the units digit of 1582515521?
1
What is the ten millions digit of 101483734?
0
What is the millions digit of 258277143?
8
What is the ten millions digit of 148619441?
4
What is the hundred thousands digit of 328541952?
5
What is the hundred thousands digit of 599391355?
3
What is the hundred millions digit of 356367588?
3
What is the units digit of 70343152?
2
What is the units digit of 277045155?
5
What is the tens digit of 1930152138?
3
What is the hundreds digit of 393918065?
0
What is the ten thousands digit of 68607093?
0
What is the ten millions digit of 91009856?
9
What is the units digit of 377183121?
1
What is the hundreds digit of 1750456561?
5
What is the ten millions digit of 284954483?
8
What is the millions digit of 21520308?
1
What is the ten thousands digit of 38649636?
4
What is the hundred thousands digit of 108729313?
7
What is the hundred thousands digit of 1371114437?
1
What is the hundred thousands digit of 695918407?
9
What is the hundreds digit of 53476983?
9
What is the millions digit of 50121507?
0
What is the ten thousands digit of 652459952?
5
What is the hundred millions digit of 1031760451?
0
What is the millions digit of 2732501463?
2
What is the hundred millions digit of 635918886?
6
What is the thousands digit of 2361151113?
1
What is the thousands digit of 3301639324?
9
What is the thousands digit of 156897922?
7
What is the millions digit of 77629614?
7
What is the ten thousands digit of 207633047?
3
What is the hundred millions digit of 1192474582?
1
What is the thousands digit of 5254697?
4
What is the millions digit of 16245293?
6
What is the thousands digit of 1260782798?
2
What is the units digit of 1869307395?
5
What is the thousands digit of 37772213?
2
Wha